37, c - 4*q + 62 = 304. Let p = -202 + c. What is the tens digit of p?
2
Suppose -5*i = 25*z - 23*z - 4748, -5*z + 11870 = i. What is the thousands digit of z?
2
Suppose -19*c = 3*u - 24*c - 82, 5*u - 158 = 3*c. Let v = 266 + u. What is the units digit of v?
0
Let h be ((-7376)/2)/(-2) + -2. Let t = 3402 - h. What is the hundreds digit of t?
5
Let d(i) = 2553*i - 786. What is the hundreds digit of d(16)?
0
Suppose 0 = -5*a + 4*p - 1375, -a - 3*a + p = 1089. Let j = a + 459. Suppose 5*k - j - 237 = 5*z, 73 = k + 2*z. What is the tens digit of k?
8
Let j(y) = -y**2 - 10*y - 6. Let n be j(-4). Let l(f) = 13*f**3 + 5*f**2 - 7*f + 150. Let d be l(8). What is the units digit of (-2)/n + (d/45 - -4)?
1
Let n(x) = -159*x**3 + 4*x**2 + 7*x + 7. What is the hundreds digit of n(-5)?
9
Suppose -9*w + 188340 = -104088. What is the ten thousands digit of w?
3
Let i be (-15)/(15/28) - -6. What is the tens digit of (-1265)/i*(-148)/(-10)?
5
Suppose -2*p + x = -15420, 3*x = 16*p - 20*p + 30820. What is the tens digit of p?
0
Let c(d) = 1926*d + 3. Let j be c(-2). Let u = -2596 - j. What is the thousands digit of u?
1
Let o be -5 + 1 + 134 + -4. What is the tens digit of (o/4)/(138/1288)?
9
Suppose -13*v = -2*v - 66. Suppose v = 2*c - 16. Let s(l) = 10*l - 62. What is the tens digit of s(c)?
4
Suppose 866*w - 863*w = 17070. What is the units digit of w?
0
Suppose -5*x + 8*x = 6. Suppose -x*z + 3*t + 3383 = 1092, -4*t + 1151 = z. What is the tens digit of z?
4
Suppose 95 = 2*d - 0*i + 3*i, -4*i = -d + 64. Let v = d - 47. Suppose -244 = -v*q - 3*y, -2*y + 12 = 2*y. What is the tens digit of q?
4
Let j = -591 + 618. Suppose j*g + 5*g - 6784 = 0. What is the tens digit of g?
1
Let f = 10 + 10. What is the units digit of (1/(-2))/(f/(-5720))?
3
Let x(q) = 36*q**2 - q + 218. What is the hundreds digit of x(10)?
8
Let m(j) = 4*j**3 - 9*j**2 - 6*j - 6. Let g be m(9). Suppose g + 12853 = 28*z. What is the units digit of z?
5
Let c(m) = -125*m**3 - 3*m**2 + 2*m + 6. Let i be c(-2). Let r = 1457 - i. What is the units digit of r?
7
Suppose 7*j + j - 14408 = 0. Suppose 4*y + 329 = j. What is the hundreds digit of y?
3
Let g = 13696 - 2173. What is the ten thousands digit of g?
1
Let y = -5 - -13. Suppose 0 = -y*j - 0*j - 24. What is the tens digit of (3/j - 123)/(-2)?
6
Let u(p) = 672*p - 11. Let k be u(2). Suppose 4*z = -5*c + 1015 + k, c = 3*z + 462. What is the hundreds digit of c?
4
Let i = 49 - 55. Let s be 102/(-4)*(i - 24). Suppose 0 = 5*a - 14*a + s. What is the units digit of a?
5
Suppose 20*k + 19096 - 29586 = 48790. What is the thousands digit of k?
2
Let n(s) = -s**3 + 11*s**2 - 14*s + 19. Suppose 7*r - 11 - 17 = 0. Let u(h) = h + 4. Let d be u(r). What is the tens digit of n(d)?
9
Let s(m) = -5*m + 94. Let w be s(16). What is the units digit of (-39)/(-6)*w + -2?
9
Let h(t) = -3*t**2 - 7*t + 7. Let w be h(-3). Let q(m) = 6*m + 3. Let s be q(w). Suppose -s*l + 3*l + 990 = 0. What is the units digit of l?
5
Suppose -36*a + 31*a + 41680 = 3*m, -3*a + m = -25022. What is the tens digit of a?
3
Suppose -570 - 97836 = -9*i. What is the tens digit of i?
3
Suppose m = -5*m + 96. Suppose 0 = a - 3*g - m, 3*a - 27 = 3*g - g. Suppose 0 = a*d - 41 - 64. What is the tens digit of d?
1
Let t be 11/((-165)/(-7239)) + 3/(-5). Suppose -3*x - 197 = -2*h - 0*x, -4*x - t = -5*h. What is the units digit of h?
4
Suppose 160496 = -2*k + 18*k. What is the units digit of k?
1
Suppose -70*p + 73*p = -5*m + 277909, 2*m - 3*p = 111130. What is the units digit of m?
7
Let i(r) = 5887*r + 1910. What is the thousands digit of i(7)?
3
Suppose 2*v + 12*v = 56. Suppose 9*r + 12 = 6*r, -5*x + 436 = -v*r. What is the units digit of x?
4
Suppose 4*x - 4*y = -8*y + 100540, -2*y - 75400 = -3*x. What is the thousands digit of x?
5
Let u(l) = -16*l + 23. Let b be (1782/24)/11 + (-2)/(-8). Suppose 3*j = -b - 8. What is the units digit of u(j)?
3
Suppose -86*b = -35537 - 54849. What is the tens digit of b?
5
Let s(b) = -110*b**3 + 8*b**2 + 10*b + 10. What is the tens digit of s(-3)?
2
Suppose 5*q - 34 = 4*q + 4*u, 2*u = -q + 10. Suppose -19*t + 266 = -q*t. What is the hundreds digit of t?
2
Suppose 2*p = -p + 2*u - 36, -4*p - 59 = u. What is the tens digit of (p/(-5))/(87/20445)?
5
Suppose 790*v + 160556 = 801*v. What is the units digit of v?
6
Let q(n) = -1242*n**3 + 11*n**2 + 5*n - 6. What is the tens digit of q(-1)?
4
Let w(f) = -4*f - 109. Let i be w(-28). Let m(q) be the second derivative of 29*q**3/2 - 6*q**2 + 9*q. What is the units digit of m(i)?
9
Let i be (-11675)/(-15) + (-2)/(-3). Suppose -6*w + 7363 = -i. What is the tens digit of w?
5
Let z(f) = 64*f - 645. What is the tens digit of z(20)?
3
Let r be ((-3)/(-2) - 1)*2336. Suppose -r = -26*m + 1744. What is the tens digit of m?
1
Let y(r) = r**3 + 39*r**2 - 13*r - 62. What is the thousands digit of y(-19)?
7
Suppose 2*q - 3*j + 220 = 0, 2*q + 26*j + 228 = 31*j. Let p = 678 + q. What is the units digit of p?
4
Let l = -4596 + 12915. What is the hundreds digit of l?
3
What is the hundreds digit of 43598/26 - (-280)/4550*10/4?
6
Let q(k) = 39*k - 45. Let w(p) = 26*p - 30. Let o(j) = -5*q(j) + 7*w(j). Let s be o(-5). What is the units digit of (-3)/9*-6 + s + 1?
3
Let s = 51567 - 29803. What is the thousands digit of s?
1
Suppose -v = -2*r - 2*r + 16, 4*r - 3*v = 16. Suppose -295 = -5*l + 4*l + r*o, 3*o + 1245 = 4*l. Suppose l = -4*i + 9*i. What is the units digit of i?
3
Let t = -778 + 1195. What is the hundreds digit of t?
4
Let t(z) = -z**3 + 4*z**2 - 10*z + 4. Let j be t(4). Let f be (64/6 + 2)/((-24)/j). Suppose 4*c = 121 + f. What is the tens digit of c?
3
Let y = -39433 - -59853. What is the ten thousands digit of y?
2
Suppose -4*s = -o - 13503, 3*s + 4*o - 10156 = -o. What is the hundreds digit of s?
3
Suppose 12 = 4*j - 3*n, 5 + 3 = 3*j - 2*n. Let a = -13 + 59. Suppose -t - t + a = j. What is the tens digit of t?
2
Suppose 8*g = 4*g + 5*b + 9688, -6*g = -b - 14532. What is the tens digit of g?
2
Let q = -2965 - -6431. What is the tens digit of q?
6
Let o(f) = -28*f - 9. Let l = -9 + -30. Let a = 36 + l. What is the units digit of o(a)?
5
What is the thousands digit of (-4 - 4)/(4/(-1544))?
3
Let p(k) = 1791*k - 1373. What is the hundreds digit of p(10)?
5
Let p(n) = -43*n + 34. Let c(a) = -130*a + 101. Let q(m) = -6*c(m) + 17*p(m). What is the hundreds digit of q(12)?
5
Suppose 1 = -4*j - 15, 3*k + 3*j - 42 = 0. Let p = 22 - k. Suppose p*y + 4*t = 128, -30 = 4*y - 5*y - 2*t. What is the units digit of y?
4
What is the units digit of ((-909 + -5)*9)/(-6 - -4)?
3
Let w(j) = 1 - 4*j**2 + 159*j - j**3 + j**3 - j**3 - 158*j. Let d be w(-5). Suppose 5*y - 91 = -d. What is the tens digit of y?
1
Suppose 4*s = -2*f + 12374, -5*f + 3*s = f - 37062. What is the hundreds digit of f?
1
Suppose 21*o = 125 + 85. Suppose -3*r + 2703 = -4*h, -5*r + o*r + 4*h = 4537. What is the hundreds digit of r?
9
Suppose 0 = 5*p - 35*p + 23430. What is the tens digit of -26 + p - (2 - 4)?
5
Suppose p - 2*l - 29838 = 0, 70*p - 75*p = 2*l - 149130. What is the ten thousands digit of p?
2
Suppose -2*h = -96 + 24. Suppose -5*k + 2*k + h = 0. What is the units digit of 690/k + (-1)/(-2)?
8
Let y be (-11)/(22/(-48))*(-15)/(-6). Let a = y - 35. What is the units digit of a?
5
Let u(l) = 179*l + 42. Suppose 4*a - 7*a = -3. What is the hundreds digit of u(a)?
2
Suppose 9508 = -14*f + 13*f. What is the tens digit of (-6)/(-39) - f/52?
8
What is the hundreds digit of 600/(-175)*30835/(-20)?
2
Suppose -76 = -7*v - 125. What is the units digit of (1468/(-5))/(v + (-66)/(-10))?
4
Suppose -g + 66*z = 61*z - 1326, 0 = -3*g + 5*z + 3968. What is the units digit of g?
1
Let t = 3003 + -1157. Suppose -t = -37*f + 21353. What is the hundreds digit of f?
6
Let x(y) = -3 + 6 + y**2 - 7*y**2 - 2*y**3. Let p be x(-3). Suppose -p*h = 3*q - h - 334, -q + h = -108. What is the units digit of q?
0
Suppose 0 = s + x - 35248, x = -3*s + 2383 + 103347. What is the tens digit of s?
4
Let r = 36 - 34. Let f(v) = 49 + v**r + 35*v - 68*v + 31*v. What is the units digit of f(0)?
9
Let z be 1/(-6 + 582/96). Let w(h) = 37*h - 72. What is the tens digit of w(z)?
2
Suppose -2*c + 332 = -2*x, 2*c - 247 = -2*x + 81. Suppose 0 = -21*a + 18*a + c. Let j = 133 - a. What is the tens digit of j?
7
Let g 